= 89*q**2. Let y = -25 + 26. Let i be z(y). Suppose i*h = 85*h + 20. Let k(x) = -x**3 + 6*x**2 - 7*x + 5. Determine k(h).
-5
Let m(i) = -21*i. Let c(x) = -1 + 2 + 3 + 13*x + x**3 + 5 + 9*x**2. Let r be c(-8). Let l = 32 + r. Determine m(l).
-21
Let o(h) = -6*h - 1. Suppose 6 = 2*p + 5*q - 25, -5*p = 5*q - 25. What is o(p)?
11
Let h be (0 - 1)*10 - (9 + -11). Let k = -17 - h. Let c(x) be the third derivative of x**4/24 + x**3/2 - 14*x**2 + 2*x. Give c(k).
-6
Let o(w) = w**2 + 11*w + 18. Let i be o(-9). Suppose 13*a - 10*a - 6 = i. Let n(c) = 3 + 5*c - c - c**a - 2. What is n(3)?
4
Let o be (-3)/(15/(-14)) + 21/105. Let t(j) = -10*j**2 + 16*j - 4. Let u(g) = -2*g**2 + 4*g - 1. Let q(s) = o*u(s) - t(s). Determine q(3).
25
Let l(r) = 29*r**2 - 2*r + 1. Let i be (-8)/((-40)/(-3)) + 22/(-55). Calculate l(i).
32
Let q(o) = -23*o - 105. Let m(s) = 2*s + 9. Let h(t) = 11*m(t) + q(t). Suppose w + 8 + 0 = 0. Give h(w).
2
Let x(m) = -4*m**2 - 381*m + 285. Suppose 2*d + c + 188 = 0, -63*d + 67*d + 404 = 5*c. Calculate x(d).
-3
Let w(q) = -7*q - 4. Let c(o) = -15*o + 105. Let u be c(7). Let k(v) be the second derivative of v**3/3 - 3*v**2/2 - v. Let m be k(u). Calculate w(m).
17
Let o be (-5)/5*(1 + 1). Let x(l) = l**3 - 2*l**2 - 4*l + 3. Let w(p) = 4 + 6*p**2 - 3 - p + 3*p**2 - 10*p**2. Let h(d) = 2*w(d) - x(d). Determine h(o).
3
Let a(z) = -36946*z + 12318*z + 12315*z + 12314*z - 77. Determine a(14).
-63
Suppose 6*u + 27 + 7 = 46. Let j(v) be the first derivative of 1/2*v**u + v - 20. Calculate j(-4).
-3
Let i(f) = 2*f**3 + 2*f**2 - 3*f + 7. Let n(m) = 3*m**3 + 2*m**2 - 5*m + 13. Let p(r) = -5*i(r) + 3*n(r). Let t = 1387 - 1390. Give p(t).
-5
Let t(o) = -3*o - 20. Let j = 3100 + -3100. What is t(j)?
-20
Let w = -375 + 390. Let d be (48/40)/((-3)/w). Let b(u) = 2 + u**2 + 9*u + 5 + 1. Give b(d).
-10
Let k(d) = 9*d - 63. Suppose -338*i + 351*i = 91. What is k(i)?
0
Let o(s) = -4*s**3 + s - 1. Let n(a) = 21*a**3 + 10*a**2 - 13*a + 10. Let r(d) = n(d) + 5*o(d). Calculate r(-10).
85
Let b(c) = 9*c**2 - 9*c + 28. Let m(k) = -k**3 + 6*k**2 + 11*k. Let h(n) = b(n) - m(n). What is h(-7)?
-28
Let f(w) = -130*w**2 + 34*w**2 + 14*w**3 - 4*w**3 + 11 + 41*w**2 + 6*w + 57*w**2. Calculate f(-2).
-73
Let v = -479 + 491. Suppose 0 = -22*p - 120 - v. Let j(d) = d**3 + 6*d**2 - d - 3. Give j(p).
3
Let h(b) = -19*b + 146. Suppose l = -2*q + 18, -4*q - 26 = -2*l - 6*q. Determine h(l).
-6
Let o(h) = 2*h**3 - 9*h**2 + 7*h + 2. Let r = -10945 + 10948. Give o(r).
-4
Let h(p) = -27982 + 3*p + 55961 - 27976. Let j be (1/2)/((-2)/(-20)). What is h(j)?
18
Let h(z) = -5*z**3 + 15*z**2 + 16*z - 10. Let n(g) = -11*g**3 + 32*g**2 + 36*g - 21. Let b(q) = -9*h(q) + 4*n(q). Suppose -6*t = -3*t - 21. Determine b(t).
6
Suppose -2*d = 3*z + 25 - 7, -d - 5*z = -5. Let w(s) be the second derivative of s**3/6 + 9*s**2 - 46997*s. Determine w(d).
3
Let p be (-2)/(4/18*3)*-1. Let c(w) = 4*w - 4. Determine c(p).
8
Let q(p) be the third derivative of 0 + 1/12*p**4 - 3*p + 2/3*p**3 + 10*p**2. Give q(-2).
0
Let f(z) = 37*z + 56*z - 153*z + 41*z + 158. Give f(8).
6
Let o(w) = -4*w**3 + w**2 - w + 1. Suppose 0 = 5*g + 20, 15*g = 5*j + 12*g - 22. Calculate o(j).
-29
Let y(d) be the second derivative of -1/12*d**4 - 11/6*d**3 - 7*d**2 + 2 + 7*d. Calculate y(-9).
4
Let n = 6 + -10. Let u be -4 + (-3 - n - 3). Let a(j) = -j - 19 - 53 + 124 - 48. Determine a(u).
10
Suppose 0 = -z + 8*z - 5*m - 53, 0 = 4*z + m - 38. Let q(l) = l**2 - 5*l - 40. Give q(z).
-4
Let q(s) = 9*s**2 - 26*s + 3. Let x(z) = 2*z**2 - 5*z. Let w(l) = -q(l) + 4*x(l). Calculate w(2).
5
Suppose 0 = 3*g - 6 - 0. Let b(j) = -2*j**3 + 3*j**g + 6*j - 10*j + 4*j - 2*j. Give b(2).
-8
Let k(x) = 10*x - 158. Let m be k(16). Let y(j) = -8*j + j**3 - 8*j + 27*j + 5*j**m - 10*j. Give y(-4).
12
Suppose -7*u = -s - 6*u, -3*s + 12 = 3*u. Let b(r) = -2*r**2 + 2*r - 685*r**3 + r**s - r + 686*r**3 - 2. Determine b(3).
19
Let b(k) = -k**2 - 4*k + 38. Suppose 5*d - 7*d = 42*d - 176. Determine b(d).
6
Let n(g) = -899*g + 2690*g + 3 - 905*g - 894*g - 4*g**2. Determine n(-3).
-9
Suppose 0*c = 4*c + 12. Let r(s) be the first derivative of 2*s**2 + 10*s + 13095. Give r(c).
-2
Suppose -148 = 147*d + 146. Let j(s) = 3*s**2 - 8*s - 17. Give j(d).
11
Let p(w) = 62*w - 3. Suppose 0 = 46*y - 26*y. Give p(y).
-3
Let n(h) be the second derivative of -11*h**3/2 + 27*h**2/2 + 3*h - 18. Determine n(3).
-72
Let f(a) be the second derivative of a**6/360 - 7*a**5/120 + 5*a**4/24 + 5*a**3/2 + a**2/2 - 187*a. Let c(o) be the second derivative of f(o). Give c(6).
-1
Suppose -8 + 2 = -3*p. Let d(l) = -l - 2. Let v(f) = 4*f + 14. Let w(g) = -5*d(g) - v(g). Determine w(p).
-2
Let w(o) be the third derivative of o**4/8 - o**3/6 - 30113*o**2. Suppose 2 + 4 = 3*a. Suppose 3*i - 2*v = -a, 3*v = -i + 4*i + 6. Determine w(i).
5
Let x(y) = 19*y - 70. Let r(n) = -54*n + 192. Let g(o) = 6*r(o) + 17*x(o). Calculate g(-38).
0
Suppose -45 = -5*o, 0 = -5*d + 5*o + 144 - 219. Let h(l) = 7 - l**2 - 2*l**2 - 2*l + 2*l**2 + 13. Determine h(d).
-4
Suppose -6*i + 10 = -8*i + 7*i. Let a(d) = 2 + 5*d - 7*d + 0*d - d**2 + d**3. What is a(i)?
2
Let j(k) = -3*k - 5. Let o(v) be the first derivative of -11/2*v**2 + 10 - 19*v + 1/4*v**4 - 11/3*v**3. Let u be o(12). Calculate j(u).
16
Let r(m) = m**3 + 30*m**2 + 3*m + 77. Let c be r(-30). Let z be -1*(4/6 + c/(-3)). Let a(b) = -b**2 - 5*b - 7. Determine a(z).
-7
Let s(x) be the third derivative of x**5/60 + 5*x**4/24 + 7*x**3/6 - 3*x**2. Let i be (-11)/(-110)*-5 + -2 + (-9)/6. Give s(i).
3
Let j(b) = -b**2 + 23*b + 297. Let l be j(-9). Let v(k) = -2*k - 20. Determine v(l).
-38
Suppose -9*x + 4*x + 38 = -3*i, 3*x + 3*i = 42. Let w(l) = l**2 - 9*l + 6. Give w(x).
16
Let f(y) = -13*y - 17. Let z be ((-12)/(-28))/((-18)/(-105))*-2. Let t(r) = -5*r - 8. Let o(j) = z*t(j) + 2*f(j). Give o(6).
0
Let w = 29 + -9. Let c = 23 - w. Suppose 3*q = 4*f - c, -4*f = 5*q + 9 - 36. Let j(g) = -g**2 + 3*g - 2. Calculate j(f).
-2
Let q(l) = l**2 + 4*l + 3. Let o be q(-2). Let p(b) = 279*b**3 - 151*b**3 - 1 - 136*b**3. What is p(o)?
7
Let b(w) = -13*w**3 + 17*w**2 + 62*w - 13. Let p(f) = -5*f**3 + 5*f**2 + 21*f - 5. Let n(c) = -3*b(c) + 8*p(c). Determine n(-9).
-1
Suppose -14*n = -3*n - 33. Let p be (-8)/(-12)*n + 0. Let l(j) = -5*j**2 + 4*j + 2. Let h(r) = 11*r**2 - 9*r - 4. Let k(v) = -4*h(v) - 9*l(v). Calculate k(p).
2
Let q(l) = l**2 + l - 5. Let s(o) = -o**2 - 8*o - 450. Let g be s(0). Let c = g + 446. What is q(c)?
7
Let a(t) = -1449*t**3 + 2 + 2906*t**3 - 4*t**2 - 4*t + 3 - 1456*t**3. Calculate a(4).
-11
Let m(o) = -o**2 - 7*o + 5. Let w(u) = -u - 5. Let k be (4/6)/(31/3 + -10). Let n be w(k). Calculate m(n).
5
Suppose 0*j + 5*u = j, 3*j - 3*u = 0. Let r(f) be the first derivative of -f**4/4 + f**3/3 + f**2/2 + 27*f + 434. Give r(j).
27
Let d(z) be the second derivative of -z**4/12 - 11*z**3/6 - 13*z**2 - 1168*z. Calculate d(-5).
4
Let d be -2 + (0/2 - 3). Let f be (-3 + 10/6)/(2/(-21)). Let l(w) = f - 9 + 16*w - 14*w. Give l(d).
-5
Let w = 1916 + -1921. Let t(k) = -4*k - 25. Calculate t(w).
-5
Let o(v) = 11*v**2 - 3*v + 1. Let d = 4364 - 4362. What is o(d)?
39
Let v(m) = -m**2 - 6*m + 3. Let x(g) = 3*g + 2. Let c(y) = -y**2 - 9*y - 13. Let s be c(-7). Suppose 4*z + 7 + s = 0. Let u be x(z). Calculate v(u).
11
Let r(n) = -12*n - 90. Let z be r(18). Let o = z + 303. Let x(k) = k**2 + k + 4. Determine x(o).
10
Let h(z) = -z**3 + 10*z**2 + 20*z + 40. Let j(g) = g**3 + 17*g**2 + 82*g + 96. Let f be j(-7). Give h(f).
-8
Let o be ((-225)/(-50))/(2/(-4)). Let b(c) = 13*c + 7. Determine b(o).
-110
Let t(r) = -r**2 + 19*r - 15. Let f be 1128/470*(-30)/(-4). What is t(f)?
3
Let u(l) = -34*l. Let a(b) = -3*b**2 - 9*b + 31. Let v(c) = -4*c**3 - c**2. Let y be v(1). Let q be a(y). Calculate u(q).
-34
Let k(m) = m**3 + 2*m**2 - 3*m - 6. Suppose 0 = 19*s - 60 + 117. Give k(s).
-6
Let q(z) = z**2 + z + 39. Let h(r) = -4*r**2 + 5*r - 108. Let j(b) = -2*h(b) - 4*q(b). What is j(5)?
90
Let n = -5 - -9. Let j(i) be the second derivative of i**4/12 - i**3/3 + 3*i**2 + 22785*i. Calculate j(n).
14
Let g = 18737 + -18728. Let n(o) = -2*o**2 + 15*o + 9. What is n(g)?
-18
Let g(z) be the second derivative of -z**3/2 + 55*z**2/2 + 1296*z. Calculate g(16).
7
Suppose 0*r + 27 = 4*r + 3*n, 4*r = 4*n +